en 268 is divided by 106?
56
What is the remainder when 201 is divided by 29?
27
What is the remainder when 188 is divided by 85?
18
Calculate the remainder when 863 is divided by 12.
11
What is the remainder when 354 is divided by 20?
14
What is the remainder when 128 is divided by 27?
20
What is the remainder when 3502 is divided by 68?
34
Calculate the remainder when 265 is divided by 190.
75
Calculate the remainder when 141 is divided by 141.
0
What is the remainder when 271 is divided by 44?
7
Calculate the remainder when 449 is divided by 22.
9
Calculate the remainder when 200 is divided by 47.
12
What is the remainder when 17 is divided by 14?
3
Calculate the remainder when 2514 is divided by 2513.
1
Calculate the remainder when 206 is divided by 30.
26
What is the remainder when 562 is divided by 3?
1
Calculate the remainder when 1973 is divided by 132.
125
What is the remainder when 82 is divided by 13?
4
What is the remainder when 565 is divided by 281?
3
What is the remainder when 2875 is divided by 21?
19
Calculate the remainder when 289 is divided by 20.
9
What is the remainder when 3419 is divided by 9?
8
What is the remainder when 2149 is divided by 10?
9
Calculate the remainder when 543 is divided by 3.
0
What is the remainder when 2631 is divided by 38?
9
What is the remainder when 28 is divided by 1?
0
What is the remainder when 6233 is divided by 21?
17
Calculate the remainder when 150 is divided by 106.
44
What is the remainder when 303 is divided by 54?
33
What is the remainder when 97 is divided by 60?
37
Calculate the remainder when 2654 is divided by 83.
81
Calculate the remainder when 111 is divided by 7.
6
What is the remainder when 312 is divided by 53?
47
Calculate the remainder when 3807 is divided by 72.
63
Calculate the remainder when 67 is divided by 7.
4
What is the remainder when 464 is divided by 152?
8
What is the remainder when 42 is divided by 30?
12
What is the remainder when 3462 is divided by 385?
382
Calculate the remainder when 242 is divided by 65.
47
What is the remainder when 1664 is divided by 17?
15
Calculate the remainder when 590 is divided by 25.
15
Calculate the remainder when 520 is divided by 31.
24
Calculate the remainder when 779 is divided by 87.
83
Calculate the remainder when 1310 is divided by 13.
10
Calculate the remainder when 168 is divided by 148.
20
Calculate the remainder when 278 is divided by 94.
90
Calculate the remainder when 160 is divided by 51.
7
What is the remainder when 1428 is divided by 110?
108
What is the remainder when 17 is divided by 9?
8
Calculate the remainder when 1613 is divided by 59.
20
Calculate the remainder when 177 is divided by 60.
57
Calculate the remainder when 113 is divided by 14.
1
What is the remainder when 4042 is divided by 1343?
13
What is the remainder when 418 is divided by 148?
122
What is the remainder when 272 is divided by 163?
109
What is the remainder when 54 is divided by 32?
22
What is the remainder when 4448 is divided by 12?
8
What is the remainder when 48149 is divided by 18?
17
What is the remainder when 1079 is divided by 90?
89
Calculate the remainder when 94 is divided by 10.
4
What is the remainder when 4208 is divided by 107?
35
What is the remainder when 59 is divided by 11?
4
What is the remainder when 479 is divided by 16?
15
What is the remainder when 337 is divided by 35?
22
Calculate the remainder when 881 is divided by 13.
10
Calculate the remainder when 161 is divided by 31.
6
What is the remainder when 1277 is divided by 40?
37
What is the remainder when 4484 is divided by 345?
344
What is the remainder when 753 is divided by 145?
28
What is the remainder when 10952 is divided by 5?
2
What is the remainder when 159 is divided by 81?
78
Calculate the remainder when 181 is divided by 34.
11
What is the remainder when 105 is divided by 30?
15
Calculate the remainder when 813 is divided by 31.
7
What is the remainder when 446 is divided by 103?
34
Calculate the remainder when 2350 is divided by 14.
12
Calculate the remainder when 205 is divided by 23.
21
Calculate the remainder when 914 is divided by 240.
194
Calculate the remainder when 6898 is divided by 92.
90
Calculate the remainder when 52 is divided by 14.
10
Calculate the remainder when 1353 is divided by 167.
17
What is the remainder when 260 is divided by 29?
28
What is the remainder when 819 is divided by 339?
141
What is the remainder when 7289 is divided by 365?
354
Calculate the remainder when 124 is divided by 49.
26
Calculate the remainder when 7510 is divided by 3751.
8
Calculate the remainder when 221 is divided by 28.
25
Calculate the remainder when 105 is divided by 51.
3
What is the remainder when 2884 is divided by 718?
12
Calculate the remainder when 535 is divided by 8.
7
Calculate the remainder when 135 is divided by 34.
33
Calculate the remainder when 343 is divided by 86.
85
What is the remainder when 504 is divided by 163?
15
What is the remainder when 116 is divided by 7?
4
Calculate the remainder when 151 is divided by 4.
3
What is the remainder when 1049 is divided by 21?
20
Calculate the remainder when 6374 is divided by 15.
14
What is the remainder when 1390 is divided by 24?
22
What is the remainder when 810 is divided by 24?
18
What is the remainder when 615 is divided by 21?
6
Calculate the remainder when 644 is divided by 42.
14
What is the remainder when 208 is divided by 63?
19
Calculate the remainder when 1779 is divided by 22.
19
What is the remainder when 106 is divided by 18?
16
Calculate the remainder when 9 is divided by 2.
1
What is the remainder when 30 is divided by 22?
8
What is the remainder when 4040 is divided by 33?
14
Calculate the remainder when 89 is divided by 23.
20
Calculate the remainder when 32 is divided by 12.
8
What is the remainder when 27 is divided by 12?
3
What is the remainder when 397 is divided by 70?
47
What is the remainder when 11593 is divided by 26?
23
Calculate the remainder when 5982 is divided by 41.
37
Calculate the remainder when 250 is divided by 21.
19
What is the remainder when 84 is divided by 20?
4
What is the remainder when 316 is divided by 29?
26
Calculate the remainder when 1387 is divided by 107.
103
Calculate the remainder when 225 is divided by 60.
45
Calculate the remainder when 242 is divided by 36.
26
Calculate the remainder when 154 is divided by 149.
5
Calculate the remainder when 677 is divided by 38.
31
What is the remainder when 3407 is divided by 180?
167
Calculate the remainder when 2007 is divided by 30.
27
What is the remainder when 36 is divided by 19?
17
What is the remainder when 5124 is divided by 41?
40
Calculate the remainder when 1017 is divided by 117.
81
What is the remainder when 94 is divided by 22?
6
What is the remainder when 28933 is divided by 39?
34
What is the remainder when 104 is divided by 64?
40
Calculate the remainder when 70 is divided by 9.
7
Calculate the remainder when 324 is divided by 106.
6
Calculate the remainder when 95 is divided by 27.
14
Calculate the remainder when 1389 is divided by 693.
3
Calculate the remainder when 4111 is divided by 2050.
11
Calculate the remainder when 308 is divided by 55.
33
Calculate the remainder when 111 is divided by 48.
15
Calculate the remainder when 1841 is divided by 575.
116
Calculate the remainder when 196 is divided by 11.
9
Calculate the remainder when 361 is divided by 8.
1
Calculate the remainder when 1532 is divided by 16.
12
What is the remainder when 145 is divided by 17?
9
What is the remainder when 234 is divided by 88?
58
Calculate the remainder when 1090 is divided by 265.
30
What is the remainder when 4363 is divided by 59?
56
Calculate the remainder when 2443 is divided by 8.
3
What is the remainder when 948 is divided by 73?
72
What is the remainder when 402 is divided by 24?
18
What is the remainder when 3541 is divided by 1176?
13
Calculate the remainder when 286 is divided by 75.
61
Calculate the remainder when 81 is divided by 14.
11
Calculate the remainder when 146 is divided by 117.
29
What is the remainder when 573 is divided by 7?
6
What is the remainder when 217 is divided by 10?
7
What is the remainder when 324 is divided by 109?
106
Calculate the remainder when 94 is d